{"id":16,"date":"2014-02-10T13:39:50","date_gmt":"2014-02-10T11:39:50","guid":{"rendered":"http:\/\/www.niggebruegge-bestattungen.de\/?page_id=16"},"modified":"2021-06-17T12:25:47","modified_gmt":"2021-06-17T10:25:47","slug":"bestattungsarten","status":"publish","type":"page","link":"https:\/\/www.niggebruegge-bestattungen.de\/?page_id=16","title":{"rendered":"Bestattungsformen"},"content":{"rendered":"<h2><span style=\"color: #b22222;\">In unserer heutigen mobilen Gesellschaft gibt es\u00a0viele verschiedene Bestattungsarten &#8211; von der konventionellen Erdbestattung bis hin zur kostspieligen Weltraumbestattung.\u00a0<\/span><\/h2>\n<p>&nbsp;<\/p>\n<p>Fast jeder Bestattungswunsch kann nach pers\u00f6nlichen Vorstellungen erf\u00fcllt werden.<\/p>\n<p>Es gilt allerdings\u00a0einige Kriterien zu ber\u00fccksichtigen:<\/p>\n<ul>\n<li>Erd- oder Feuerbestattung?<\/li>\n<\/ul>\n<ul>\n<li>Soll eine Grabst\u00e4tte vorhanden sein oder nicht\u00a0(anonym)?<\/li>\n<\/ul>\n<ul>\n<li>Wer kann sich um die Grabpflege k\u00fcmmern?<\/li>\n<\/ul>\n<ul>\n<li>Gibt es eine besondere Verbundenheit zum Meer\u00a0oder zur Natur?<\/li>\n<\/ul>\n<ul>\n<li>Wieviel kann oder m\u00f6chte ich f\u00fcr meine Beerdigung\u00a0ausgeben?<\/li>\n<\/ul>\n<p><b>Wir beraten\u00a0Sie gerne ausf\u00fchrlich \u00fcber die\u00a0verschiedenen M\u00f6glichkeiten einer Bestattung,\u00a0nachfolgend erhalten\u00a0Sie schonmal einen ersten\u00a0\u00dcberblick:<\/b><\/p>\n<p>&nbsp;<\/p>\n<p><span style=\"color: #b22222;\"><b>Erdbestattungen<\/b><\/span><\/p>\n<p>Am weitesten verbreitet ist die traditionelle Erdbestattung in einem Sarg. Es ist die \u00e4lteste Form der\u00a0Beisetzung in Deutschland. Die Erdbestattung erfolgt auf Friedh\u00f6fen in vorhandenen oder in neu zu\u00a0erwerbenden Grabst\u00e4tten. Sie k\u00f6nnen sich grunds\u00e4tzlich zwischen Wahlgrab und Reihengrab entscheiden.<\/p>\n<p>Eine besondere Willenserkl\u00e4rung ist f\u00fcr die Erdbestattung in der Regel nicht notwendig.<\/p>\n<p>&nbsp;<\/p>\n<p><span style=\"color: #b22222;\"><b>Feuerbestattung<\/b><\/span><\/p>\n<p>Die Feuerbestattung ist die Ein\u00e4scherung (Verbrennung) des Verstorbenen mit dem Sarg und die sp\u00e4tere Beisetzung der Aschenreste in einer Urne. Bei\u00a0einer Feuerbestattung gibt es viele M\u00f6glichkeiten\u00a0eine Trauerfeier abzuhalten. Z. B. kann, bevor der\u00a0Sarg mit dem Verstorbenen zum Krematorium \u00fcberf\u00fchrt wird, eine Trauerfeier am Sarg stattfinden.<\/p>\n<p>Die Trauerfeier kann aber auch an der Urne nach der\u00a0Ein\u00e4scherung abgehalten werden.<\/p>\n<p>Wenn die Feuerbestattung im Sinne des Verstorbenen ist, sollte seine handschriftliche, zu Lebzeiten verfasste Erkl\u00e4rung vorliegen.<\/p>\n<p>Sollte diese Erkl\u00e4rung nicht vorhanden sein, so k\u00f6nnen der Ehepartner, der Lebenspartner bzw. der n\u00e4chste Angeh\u00f6rige best\u00e4tigen, dass die Feuerbestattung dem Willen des Verstorbenen entspricht.<\/p>\n<p>&nbsp;<\/p>\n<p><span style=\"color: #b22222;\"><b>Seebestattung<\/b><\/span><\/p>\n<p>Nach einer Trauerfeier am Wohnort und der anschlie\u00dfenden Ein\u00e4scherung des Verstorbenen wird\u00a0die Urne an eine Seebestattungs Reederei \u00fcberf\u00fchrt.<\/p>\n<p>M\u00f6glichkeiten hierf\u00fcr bestehen auf nahzu jedem Meer, vorwiegend aber auf Nord- und Ostsee.<\/p>\n<p>Wir helfen Ihnen selbstverst\u00e4ndlich bei der Auswahl\u00a0eines Seebestatungsunternehmens. Bei entsprechenden Wetterverh\u00e4ltnissen wird die Aschenkapsel mit einer vom Deutschen Hydrographischen Institut vorgeschriebenen Seeurne au\u00dferhalb des deutschen\u00a0Hoheitsgebietes auf den Meeresgrund abgesenkt.<\/p>\n","protected":false},"excerpt":{"rendered":"<p>In unserer heutigen mobilen Gesellschaft gibt es\u00a0viele verschiedene Bestattungsarten &#8211; von der konventionellen Erdbestattung bis hin zur kostspieligen Weltraumbestattung.\u00a0 &nbsp; Fast jeder Bestattungswunsch kann nach pers\u00f6nlichen Vorstellungen erf\u00fcllt werden. Es gilt allerdings\u00a0einige Kriterien zu ber\u00fccksichtigen: Erd- oder Feuerbestattung? Soll eine Grabst\u00e4tte vorhanden sein oder nicht\u00a0(anonym)? Wer kann sich um die Grabpflege k\u00fcmmern? Gibt es eine &hellip; <a href=\"https:\/\/www.niggebruegge-bestattungen.de\/?page_id=16\" class=\"more-link\">Continue reading<span class=\"screen-reader-text\"> &#8222;Bestattungsformen&#8220;<\/span><\/a><\/p>\n","protected":false},"author":1,"featured_media":0,"parent":0,"menu_order":0,"comment_status":"closed","ping_status":"closed","template":"","meta":{"_monsterinsights_skip_tracking":false,"_monsterinsights_sitenote_active":false,"_monsterinsights_sitenote_note":"","_monsterinsights_sitenote_category":0,"footnotes":""},"class_list":["post-16","page","type-page","status-publish","hentry"],"yoast_head":"<!-- This site is optimized with the Yoast SEO plugin v25.6 - https:\/\/yoast.com\/wordpress\/plugins\/seo\/ -->\n<title>Bestattungsformen - Bestattungen Niggebr\u00fcgge<\/title>\n<meta name=\"description\" content=\"Ihr pers\u00f6nliches Bestattungshaus in Bielefeld. Feuer- und Erdbestattung \u00b7 Bestattungshaus seit 1954 \u00b7 Wir beantworten Ihnen alle Fragen zur Bestattung, unterst\u00fctzen Sie bei der Vorbereitung und Durchf\u00fchrung der Bestattung und betreuen Sie - auf Wunsch - w\u00e4hrend der schweren Zeit der Trauer.\" \/>\n<meta name=\"robots\" content=\"index, follow, max-snippet:-1, max-image-preview:large, max-video-preview:-1\" \/>\n<link rel=\"canonical\" href=\"https:\/\/www.niggebruegge-bestattungen.de\/?page_id=16\" \/>\n<meta property=\"og:locale\" content=\"de_DE\" \/>\n<meta property=\"og:type\" content=\"article\" \/>\n<meta property=\"og:title\" content=\"Bestattungsformen - Bestattungen Niggebr\u00fcgge\" \/>\n<meta property=\"og:description\" content=\"Ihr pers\u00f6nliches Bestattungshaus in Bielefeld. Feuer- und Erdbestattung \u00b7 Bestattungshaus seit 1954 \u00b7 Wir beantworten Ihnen alle Fragen zur Bestattung, unterst\u00fctzen Sie bei der Vorbereitung und Durchf\u00fchrung der Bestattung und betreuen Sie - auf Wunsch - w\u00e4hrend der schweren Zeit der Trauer.\" \/>\n<meta property=\"og:url\" content=\"https:\/\/www.niggebruegge-bestattungen.de\/?page_id=16\" \/>\n<meta property=\"og:site_name\" content=\"Bestattungen Niggebr\u00fcgge\" \/>\n<meta property=\"article:modified_time\" content=\"2021-06-17T10:25:47+00:00\" \/>\n<meta name=\"twitter:card\" content=\"summary_large_image\" \/>\n<meta name=\"twitter:label1\" content=\"Gesch\u00e4tzte Lesezeit\" \/>\n\t<meta name=\"twitter:data1\" content=\"2\u00a0Minuten\" \/>\n<script type=\"application\/ld+json\" class=\"yoast-schema-graph\">{\"@context\":\"https:\/\/schema.org\",\"@graph\":[{\"@type\":\"WebPage\",\"@id\":\"https:\/\/www.niggebruegge-bestattungen.de\/?page_id=16\",\"url\":\"https:\/\/www.niggebruegge-bestattungen.de\/?page_id=16\",\"name\":\"Bestattungsformen - Bestattungen Niggebr\u00fcgge\",\"isPartOf\":{\"@id\":\"https:\/\/www.niggebruegge-bestattungen.de\/#website\"},\"datePublished\":\"2014-02-10T11:39:50+00:00\",\"dateModified\":\"2021-06-17T10:25:47+00:00\",\"description\":\"Ihr pers\u00f6nliches Bestattungshaus in Bielefeld. Feuer- und Erdbestattung \u00b7 Bestattungshaus seit 1954 \u00b7 Wir beantworten Ihnen alle Fragen zur Bestattung, unterst\u00fctzen Sie bei der Vorbereitung und Durchf\u00fchrung der Bestattung und betreuen Sie - auf Wunsch - w\u00e4hrend der schweren Zeit der Trauer.\",\"breadcrumb\":{\"@id\":\"https:\/\/www.niggebruegge-bestattungen.de\/?page_id=16#breadcrumb\"},\"inLanguage\":\"de\",\"potentialAction\":[{\"@type\":\"ReadAction\",\"target\":[\"https:\/\/www.niggebruegge-bestattungen.de\/?page_id=16\"]}]},{\"@type\":\"BreadcrumbList\",\"@id\":\"https:\/\/www.niggebruegge-bestattungen.de\/?page_id=16#breadcrumb\",\"itemListElement\":[{\"@type\":\"ListItem\",\"position\":1,\"name\":\"Startseite\",\"item\":\"https:\/\/www.niggebruegge-bestattungen.de\/\"},{\"@type\":\"ListItem\",\"position\":2,\"name\":\"Bestattungsformen\"}]},{\"@type\":\"WebSite\",\"@id\":\"https:\/\/www.niggebruegge-bestattungen.de\/#website\",\"url\":\"https:\/\/www.niggebruegge-bestattungen.de\/\",\"name\":\"Bestattungen Niggebr\u00fcgge\",\"description\":\"der letzte Weg in guten H\u00e4nden\",\"potentialAction\":[{\"@type\":\"SearchAction\",\"target\":{\"@type\":\"EntryPoint\",\"urlTemplate\":\"https:\/\/www.niggebruegge-bestattungen.de\/?s={search_term_string}\"},\"query-input\":{\"@type\":\"PropertyValueSpecification\",\"valueRequired\":true,\"valueName\":\"search_term_string\"}}],\"inLanguage\":\"de\"}]}<\/script>\n<!-- \/ Yoast SEO plugin. -->","yoast_head_json":{"title":"Bestattungsformen - Bestattungen Niggebr\u00fcgge","description":"Ihr pers\u00f6nliches Bestattungshaus in Bielefeld. Feuer- und Erdbestattung \u00b7 Bestattungshaus seit 1954 \u00b7 Wir beantworten Ihnen alle Fragen zur Bestattung, unterst\u00fctzen Sie bei der Vorbereitung und Durchf\u00fchrung der Bestattung und betreuen Sie - auf Wunsch - w\u00e4hrend der schweren Zeit der Trauer.","robots":{"index":"index","follow":"follow","max-snippet":"max-snippet:-1","max-image-preview":"max-image-preview:large","max-video-preview":"max-video-preview:-1"},"canonical":"https:\/\/www.niggebruegge-bestattungen.de\/?page_id=16","og_locale":"de_DE","og_type":"article","og_title":"Bestattungsformen - Bestattungen Niggebr\u00fcgge","og_description":"Ihr pers\u00f6nliches Bestattungshaus in Bielefeld. Feuer- und Erdbestattung \u00b7 Bestattungshaus seit 1954 \u00b7 Wir beantworten Ihnen alle Fragen zur Bestattung, unterst\u00fctzen Sie bei der Vorbereitung und Durchf\u00fchrung der Bestattung und betreuen Sie - auf Wunsch - w\u00e4hrend der schweren Zeit der Trauer.","og_url":"https:\/\/www.niggebruegge-bestattungen.de\/?page_id=16","og_site_name":"Bestattungen Niggebr\u00fcgge","article_modified_time":"2021-06-17T10:25:47+00:00","twitter_card":"summary_large_image","twitter_misc":{"Gesch\u00e4tzte Lesezeit":"2\u00a0Minuten"},"schema":{"@context":"https:\/\/schema.org","@graph":[{"@type":"WebPage","@id":"https:\/\/www.niggebruegge-bestattungen.de\/?page_id=16","url":"https:\/\/www.niggebruegge-bestattungen.de\/?page_id=16","name":"Bestattungsformen - Bestattungen Niggebr\u00fcgge","isPartOf":{"@id":"https:\/\/www.niggebruegge-bestattungen.de\/#website"},"datePublished":"2014-02-10T11:39:50+00:00","dateModified":"2021-06-17T10:25:47+00:00","description":"Ihr pers\u00f6nliches Bestattungshaus in Bielefeld. Feuer- und Erdbestattung \u00b7 Bestattungshaus seit 1954 \u00b7 Wir beantworten Ihnen alle Fragen zur Bestattung, unterst\u00fctzen Sie bei der Vorbereitung und Durchf\u00fchrung der Bestattung und betreuen Sie - auf Wunsch - w\u00e4hrend der schweren Zeit der Trauer.","breadcrumb":{"@id":"https:\/\/www.niggebruegge-bestattungen.de\/?page_id=16#breadcrumb"},"inLanguage":"de","potentialAction":[{"@type":"ReadAction","target":["https:\/\/www.niggebruegge-bestattungen.de\/?page_id=16"]}]},{"@type":"BreadcrumbList","@id":"https:\/\/www.niggebruegge-bestattungen.de\/?page_id=16#breadcrumb","itemListElement":[{"@type":"ListItem","position":1,"name":"Startseite","item":"https:\/\/www.niggebruegge-bestattungen.de\/"},{"@type":"ListItem","position":2,"name":"Bestattungsformen"}]},{"@type":"WebSite","@id":"https:\/\/www.niggebruegge-bestattungen.de\/#website","url":"https:\/\/www.niggebruegge-bestattungen.de\/","name":"Bestattungen Niggebr\u00fcgge","description":"der letzte Weg in guten H\u00e4nden","potentialAction":[{"@type":"SearchAction","target":{"@type":"EntryPoint","urlTemplate":"https:\/\/www.niggebruegge-bestattungen.de\/?s={search_term_string}"},"query-input":{"@type":"PropertyValueSpecification","valueRequired":true,"valueName":"search_term_string"}}],"inLanguage":"de"}]}},"_links":{"self":[{"href":"https:\/\/www.niggebruegge-bestattungen.de\/index.php?rest_route=\/wp\/v2\/pages\/16","targetHints":{"allow":["GET"]}}],"collection":[{"href":"https:\/\/www.niggebruegge-bestattungen.de\/index.php?rest_route=\/wp\/v2\/pages"}],"about":[{"href":"https:\/\/www.niggebruegge-bestattungen.de\/index.php?rest_route=\/wp\/v2\/types\/page"}],"author":[{"embeddable":true,"href":"https:\/\/www.niggebruegge-bestattungen.de\/index.php?rest_route=\/wp\/v2\/users\/1"}],"replies":[{"embeddable":true,"href":"https:\/\/www.niggebruegge-bestattungen.de\/index.php?rest_route=%2Fwp%2Fv2%2Fcomments&post=16"}],"version-history":[{"count":5,"href":"https:\/\/www.niggebruegge-bestattungen.de\/index.php?rest_route=\/wp\/v2\/pages\/16\/revisions"}],"predecessor-version":[{"id":989,"href":"https:\/\/www.niggebruegge-bestattungen.de\/index.php?rest_route=\/wp\/v2\/pages\/16\/revisions\/989"}],"wp:attachment":[{"href":"https:\/\/www.niggebruegge-bestattungen.de\/index.php?rest_route=%2Fwp%2Fv2%2Fmedia&parent=16"}],"curies":[{"name":"wp","href":"https:\/\/api.w.org\/{rel}","templated":true}]}}